7*b + 70 = 0, -3*y - 3*b = -30. Let n = f + y. What is the greatest common divisor of n and 22?
2
Suppose 22*t + 2162 = 45*t. Calculate the greatest common divisor of 517 and t.
47
Suppose 0 = 3*r - 4*b - 44, 42 = 3*r + 22*b - 25*b. What is the greatest common divisor of r and 192?
12
Suppose -17 - 28 = -3*u. Let w = u + -14. Let g(s) = 10*s**2 + s - 1. Let i be g(w). Calculate the highest common factor of i and 25.
5
Let g(c) = c**2 + 10. Let f be g(0). Suppose -24 = -7*r + r. What is the highest common divisor of r and f?
2
Let y(j) = -10*j**3 - 10*j**2 - 3*j. Let n be y(-4). Calculate the highest common divisor of 41 and n.
41
Let h be -4 - (-15 - 1)/(32/304). Calculate the highest common factor of h and 999.
37
Let c be ((-6552)/(-108))/((4/15)/4). Calculate the greatest common factor of 70 and c.
70
Let s = 7 - 5. Let j be ((-175)/(-10))/(1/s). Suppose 2*b + 4 = 14. What is the greatest common factor of b and j?
5
Suppose -54*m + 45*m = -5265. What is the highest common divisor of 45 and m?
45
Let z(n) = n**2 - 12*n + 22. Let r be z(10). Suppose r = -16*h + 18. Calculate the highest common divisor of 10 and h.
1
Let d(m) = m**2 - 6*m - 17. Suppose -1 = -5*u + 9. Let y be u/1*27/6. Let n be d(y). Calculate the greatest common divisor of 5 and n.
5
Let l(m) = -m**3 - 7*m**2 - 2*m. Let b be l(-5). Let d be (-12)/30 - 4/(b/234). What is the greatest common divisor of 23 and d?
23
Let u be (2 + -2 + 144)*35/35. What is the greatest common divisor of 192 and u?
48
Let r = 65 - 60. Suppose -5*q = -3*w - 69, r*w - 27 = -3*q + 2*w. Calculate the greatest common factor of q and 84.
12
Suppose -3*l = -4 - 8. Suppose 0 = -l*b - b - 60. Let y be (b/2 - -2) + 20. Calculate the greatest common divisor of y and 4.
4
Let z(f) = -3*f**3 + f + 1. Let l be z(-1). Suppose l*t + 0*g + 2*g = 12, -4 = -t + g. What is the greatest common divisor of t and 1?
1
Suppose 164 = 2*g - 32. Let n = -77 + g. What is the highest common divisor of 28 and n?
7
Let d = 1646 + -1635. What is the greatest common divisor of d and 3520?
11
Suppose 8*d - 2*p - 484 = 3*d, 4*d - 380 = -2*p. Suppose -3*a = a - 48. Calculate the highest common divisor of d and a.
12
Suppose 0 = -2*r - 6*r + 352. What is the highest common factor of r and 11?
11
Suppose 0 = 3*a + 3*g - 251 - 25, a - 116 = 5*g. Calculate the greatest common factor of 6 and a.
6
Let f = 11 + 15. Let d be (13 - -286)*1 - 13. What is the highest common divisor of f and d?
26
Let d be 2 - 2 - 1/(-1). Let u be (-10)/((-8)/(d - -3)). Suppose 3*g = 2*n - 5, -13 = n - 3*n - u*g. Calculate the highest common divisor of n and 10.
2
Let l = -23606 + 23616. Suppose 81 - 11 = 2*a. What is the highest common divisor of l and a?
5
Suppose -32*n - 9204 = -44*n. Calculate the greatest common factor of n and 118.
59
Let h be 3/9 - 2/6*1. Suppose -4*i = -c - 68 + 198, h = -5*c + 3*i + 650. What is the greatest common factor of c and 52?
26
Suppose 624 = 5*n - 2*m, -m + 5 = 2. Let t = n - 60. What is the greatest common divisor of 44 and t?
22
Suppose -p - 4*f = -2*f - 12, -3*f - 3 = 0. Let z be (-114)/(-10) - (-1 - p/(-10)). What is the greatest common divisor of 55 and z?
11
Suppose 106*f - 110 = 95*f. Calculate the greatest common factor of f and 72.
2
Let p be 8/2 + 20/(-10) - -883. What is the highest common factor of p and 45?
15
Let m(d) = d. Let s be m(-6). Let c = 2 + s. Let r be 2/(-2) - (c + -133). Calculate the highest common divisor of r and 17.
17
Let n be -23*(30/90)/(2/(-108)). Calculate the greatest common factor of 36 and n.
18
Suppose 31 = 2*t + 27. Suppose -t*i - 119 - 125 = -4*b, -2*i = -4. Calculate the highest common divisor of 31 and b.
31
Let u be 32/1*(0 - -1). Suppose 5*y - 8 - u = 0. Calculate the highest common factor of y and 12.
4
Let y(m) = 8*m**3 - m**2 + 4*m - 4. Let u be y(2). Calculate the highest common divisor of 512 and u.
64
Let a(d) = -d**3 - 13*d**2 - 14*d - 6. Suppose 0 = 24*n - 21*n + 36. Let x be a(n). Calculate the highest common factor of 144 and x.
18
Let v(r) = -8*r - 4. Suppose 42 = -5*u - 3*b, -4*u - 2 = -4*b + 6. Let f be v(u). Let p be (-1 + 1 + 5)*264/120. What is the greatest common divisor of f and p?
11
Let j(x) = 2*x**2 + 5*x + 3. Let b be j(-5). Let n(d) = 2*d**2 - 5*d + 4. Let o be n(3). Calculate the greatest common divisor of b and o.
7
Let l = 24 + 67. Let o be -3 + (-16)/(8/(-8)). Calculate the greatest common divisor of o and l.
13
Let i be (36/5)/((-3)/(-15)). Let c = i - 27. Calculate the greatest common divisor of 9 and c.
9
Suppose -5*b + 4*c = -90, 4*b - 3*b = -4*c + 18. Let d = 54 - b. Suppose 2*j = -0*j - 2*o + 14, d = 4*j + 2*o. Calculate the highest common factor of 77 and j.
11
Suppose -48 = 3*c - 6*c. Let n(v) = v**2 - 7*v - 9. Let s be n(10). Suppose -s = -g + 11. Calculate the highest common factor of g and c.
16
Suppose 10 = -6*b + 8*b. Let c be (-1)/(2*b/(-680)). What is the highest common factor of 17 and c?
17
Suppose -14*p + 3379 = -205. Calculate the greatest common factor of p and 80.
16
Let o be (-4 - -85)/((-6)/(-4)) + 0. Let y = -50 + o. What is the greatest common divisor of 44 and y?
4
Suppose 18*p - 545 - 445 = 0. Calculate the highest common divisor of 22 and p.
11
Let f = 334 - 330. Calculate the greatest common divisor of 2 and f.
2
Let k = 30 + -24. Suppose 4*v - k*v = -10. Suppose -3*x = -2*w - 6*x + v, -3 = -3*x. What is the greatest common divisor of w and 7?
1
Let z = -580 - -592. What is the greatest common factor of z and 732?
12
Let u(n) = -n**3 - 5*n**2 - 2*n - 3. Let x be u(-5). Suppose 0 = -2*z + 4*z + 88. Let y = z + 79. What is the highest common factor of x and y?
7
Let d(r) be the third derivative of r**4/24 + 5*r**3/6 + 5*r**2. Let u be d(11). What is the highest common divisor of 2 and u?
2
Let z(p) = -p**2 - 7*p - 11. Let q be z(-7). Let r be 39/(-33) + (-2)/q. Let i be (-4)/(-2) - (r - -2). What is the greatest common divisor of i and 9?
1
Suppose 0 = -2*o + 7*o - z - 3, 2*o = z. Let v(n) = 2*n + 11. Let j = 115 + -118. Let h be v(j). Calculate the greatest common factor of o and h.
1
Let c be ((-171)/(-2))/(51/136). What is the highest common factor of c and 76?
76
Suppose 0 = -4*u - 13*b + 8*b + 41, 0 = -2*u + 5*b - 17. Calculate the highest common divisor of u and 94.
2
Let y be (56/21 + -3)/((-2)/510). Let s be 4/6*75/1. Suppose -3*a = -y - s. Calculate the greatest common divisor of 18 and a.
9
Let b = -11 - -25. Let c be 9 + (5 - 1)/(-4). Let d be -2 - c*44/(-8). Calculate the greatest common divisor of b and d.
14
Suppose -18*h + 6 = -390. Calculate the greatest common factor of 143 and h.
11
Let w(q) = -q**2 + 6*q + 5. Let y be w(6). Suppose -y*l + 15 + 45 = 0. Let m = 3504 + -3456. Calculate the greatest common divisor of l and m.
12
Let u be (18/8)/((-18)/48). Let f(a) = -a**3 - 7*a**2 - 6*a + 6. Let d be f(u). Let q be (56/d)/(2/12). Calculate the greatest common divisor of 14 and q.
14
Let t = -12 + 52. Let v = -19 + 22. Suppose -v*j + 3 = -d + 2, -3*j + 11 = d. Calculate the greatest common divisor of d and t.
5
Suppose 2*q - 35 = 3*d, 4*d = -4*q + 3*q - 65. Let b be d/25 + 466/10. What is the highest common factor of 23 and b?
23
Let j(q) = -2*q**2 - 96*q + 90. Let r be j(-48). Calculate the highest common factor of r and 150.
30
Suppose -26*h + 314 + 414 = 0. What is the highest common divisor of 182 and h?
14
Suppose 5*y = 535 + 15. Let r = y + -90. Calculate the highest common divisor of r and 50.
10
Let t = 6 + -31. Let c = 43 + t. Let l = c - 16. Calculate the greatest common divisor of 18 and l.
2
Let v be -1 - (24/(-3) - 3). Suppose 0 = v*j - 15*j + 230. What is the highest common factor of 2 and j?
2
Let n = 134 - 74. Suppose -5*p - 14*x + 12*x = -150, -2*p = 3*x - n. What is the greatest common divisor of 10 and p?
10
Let c be 1264/(-6) - 1/3. Let s = 311 + c. Let b = s + -70. Calculate the highest common factor of 5 and b.
5
Let d(q) = -q**2 + 6*q + 9. Let g be d(7). Let c = 0 + g. Suppose 0 = -5*t + i + 102, 2*t + c*i + 44 = 4*t. What is the greatest common factor of t and 8?
4
Let y(b) = 2*b**2 + 7*b - 1. Let i be y(-3). Let v be (27 - 15)*i/(-6). Calculate the highest common factor of v and 64.
8
Let h be 3*((-4)/(-6))/1. Suppose 3*u + 81 = h*u. Let i be -1 - (2 - 2) - u. Calculate the greatest co